{"id":593,"date":"2018-05-31T10:24:58","date_gmt":"2018-05-31T08:24:58","guid":{"rendered":"https:\/\/cyranoa.fr\/LaMaisonDeYanEtCaro\/?page_id=593"},"modified":"2018-05-31T10:39:06","modified_gmt":"2018-05-31T08:39:06","slug":"parquets-joints-fins-rectifie-vs-joints-epais-non-rectifie","status":"publish","type":"page","link":"https:\/\/cyranoa.fr\/LaMaisonDeYanEtCaro\/index.php\/parquets-joints-fins-rectifie-vs-joints-epais-non-rectifie\/","title":{"rendered":"Carrelage imitation parquet joints fins rectifi\u00e9 vs joints \u00e9pais non rectifi\u00e9"},"content":{"rendered":"<p>Carrelage rectifi\u00e9 joint de 1.5 \u00e0 2mm<\/p>\n<div id='gallery-1' class='gallery galleryid-593 gallery-columns-3 gallery-size-thumbnail'><figure class='gallery-item'>\n\t\t\t<div class='gallery-icon portrait'>\n\t\t\t\t<a href='https:\/\/cyranoa.fr\/LaMaisonDeYanEtCaro\/wp-content\/uploads\/20180506_131131.jpg'><img loading=\"lazy\" decoding=\"async\" width=\"200\" height=\"150\" src=\"https:\/\/cyranoa.fr\/LaMaisonDeYanEtCaro\/wp-content\/uploads\/20180506_131131-200x150.jpg\" class=\"attachment-thumbnail size-thumbnail\" alt=\"\" sizes=\"100vw\" \/><\/a>\n\t\t\t<\/div><\/figure><figure class='gallery-item'>\n\t\t\t<div class='gallery-icon portrait'>\n\t\t\t\t<a href='https:\/\/cyranoa.fr\/LaMaisonDeYanEtCaro\/wp-content\/uploads\/20180506_152852_1525637666857_resized.jpg'><img loading=\"lazy\" decoding=\"async\" width=\"200\" height=\"150\" src=\"https:\/\/cyranoa.fr\/LaMaisonDeYanEtCaro\/wp-content\/uploads\/20180506_152852_1525637666857_resized-200x150.jpg\" class=\"attachment-thumbnail size-thumbnail\" alt=\"\" sizes=\"100vw\" \/><\/a>\n\t\t\t<\/div><\/figure><figure class='gallery-item'>\n\t\t\t<div class='gallery-icon portrait'>\n\t\t\t\t<a href='https:\/\/cyranoa.fr\/LaMaisonDeYanEtCaro\/wp-content\/uploads\/20180428_093031_resized.jpg'><img loading=\"lazy\" decoding=\"async\" width=\"200\" height=\"150\" src=\"https:\/\/cyranoa.fr\/LaMaisonDeYanEtCaro\/wp-content\/uploads\/20180428_093031_resized-200x150.jpg\" class=\"attachment-thumbnail size-thumbnail\" alt=\"\" sizes=\"100vw\" \/><\/a>\n\t\t\t<\/div><\/figure>\n\t\t<\/div>\n\n<p>Carrelage non-rectifi\u00e9, joint de 4 \u00e0 7mm (par endroits!)<\/p>\n<div id='gallery-2' class='gallery galleryid-593 gallery-columns-4 gallery-size-thumbnail'><figure class='gallery-item'>\n\t\t\t<div class='gallery-icon landscape'>\n\t\t\t\t<a href='https:\/\/cyranoa.fr\/LaMaisonDeYanEtCaro\/wp-content\/uploads\/IMG_4728.jpg'><img loading=\"lazy\" decoding=\"async\" width=\"200\" height=\"150\" src=\"https:\/\/cyranoa.fr\/LaMaisonDeYanEtCaro\/wp-content\/uploads\/IMG_4728-200x150.jpg\" class=\"attachment-thumbnail size-thumbnail\" alt=\"\" sizes=\"100vw\" \/><\/a>\n\t\t\t<\/div><\/figure><figure class='gallery-item'>\n\t\t\t<div class='gallery-icon portrait'>\n\t\t\t\t<a href='https:\/\/cyranoa.fr\/LaMaisonDeYanEtCaro\/wp-content\/uploads\/IMG_4032.jpg'><img loading=\"lazy\" decoding=\"async\" width=\"200\" height=\"150\" src=\"https:\/\/cyranoa.fr\/LaMaisonDeYanEtCaro\/wp-content\/uploads\/IMG_4032-200x150.jpg\" class=\"attachment-thumbnail size-thumbnail\" alt=\"\" sizes=\"100vw\" \/><\/a>\n\t\t\t<\/div><\/figure>\n\t\t<\/div>\n\n","protected":false},"excerpt":{"rendered":"<p>Carrelage rectifi\u00e9 joint de 1.5 \u00e0 2mm Carrelage non-rectifi\u00e9, joint de 4 \u00e0 7mm (par endroits!)<\/p>\n","protected":false},"author":1,"featured_media":0,"parent":0,"menu_order":0,"comment_status":"closed","ping_status":"closed","template":"","meta":{"footnotes":""},"_links":{"self":[{"href":"https:\/\/cyranoa.fr\/LaMaisonDeYanEtCaro\/index.php\/wp-json\/wp\/v2\/pages\/593"}],"collection":[{"href":"https:\/\/cyranoa.fr\/LaMaisonDeYanEtCaro\/index.php\/wp-json\/wp\/v2\/pages"}],"about":[{"href":"https:\/\/cyranoa.fr\/LaMaisonDeYanEtCaro\/index.php\/wp-json\/wp\/v2\/types\/page"}],"author":[{"embeddable":true,"href":"https:\/\/cyranoa.fr\/LaMaisonDeYanEtCaro\/index.php\/wp-json\/wp\/v2\/users\/1"}],"replies":[{"embeddable":true,"href":"https:\/\/cyranoa.fr\/LaMaisonDeYanEtCaro\/index.php\/wp-json\/wp\/v2\/comments?post=593"}],"version-history":[{"count":5,"href":"https:\/\/cyranoa.fr\/LaMaisonDeYanEtCaro\/index.php\/wp-json\/wp\/v2\/pages\/593\/revisions"}],"predecessor-version":[{"id":600,"href":"https:\/\/cyranoa.fr\/LaMaisonDeYanEtCaro\/index.php\/wp-json\/wp\/v2\/pages\/593\/revisions\/600"}],"wp:attachment":[{"href":"https:\/\/cyranoa.fr\/LaMaisonDeYanEtCaro\/index.php\/wp-json\/wp\/v2\/media?parent=593"}],"curies":[{"name":"wp","href":"https:\/\/api.w.org\/{rel}","templated":true}]}}